.
19
Suppose 11*m = -2126 + 2280. Let k = 580 - -1184. Calculate the highest common divisor of m and k.
14
Let y be (-398816)/(-9) + 160/(-180). Calculate the greatest common factor of y and 232.
232
Let n be (-32 - -32) + (2 - -1). Suppose -170 = -n*b - 0*b + 2*l, -5*b + 3*l + 282 = 0. Calculate the greatest common divisor of b and 162.
54
Suppose -5*l - 53 = -2*l - 5*p, 4 = 4*p. Let m = -4 - l. Suppose 3*h = -h + m. Calculate the greatest common divisor of 3 and h.
3
Let m be ((-55088)/64)/(2/(-24)). What is the highest common factor of m and 33?
33
Let t = 3503 - 3323. What is the highest common factor of t and 99?
9
Let k = -54 + 57. Suppose -214 = k*c - 4*c. Let m be -1*(c/(-6) + (-1)/3). What is the highest common divisor of m and 90?
18
Suppose 8*x + 196 = 332. Suppose 0 = 4*n - 260 - 352. What is the greatest common factor of n and x?
17
Let n(u) = -u**2 + 25*u + 11. Let a be n(19). Let i = a + -94. What is the highest common divisor of i and 496?
31
Let w(r) = 61*r - 985. Let m be w(115). What is the greatest common divisor of 18 and m?
18
Let q(r) = 12*r - 178. Let b be q(18). Suppose 3*z = -4*o + 78, -37*z - 4*o = -b*z + 42. Suppose 4*d - 43 = 5. Calculate the highest common divisor of z and d.
6
Let k be (-4)/1 + 44/(-8)*-14. Suppose -216 = -11*a - k. Calculate the highest common divisor of a and 689.
13
Let o be 18*3/(-18)*2*953. Let x = -4050 - o. Calculate the greatest common factor of 12 and x.
12
Let l be (-1)/1 - (-340 + 6). Let t = -301 + l. Calculate the greatest common factor of t and 256.
32
Suppose -4*i = -39 - 117. Let k = -49 + i. Let l be (k*(-4)/(-8))/((-1)/31). Calculate the highest common factor of l and 62.
31
Let b(k) = -9*k - 11. Let w be b(-2). Let t be 2 + 0/(-1) - (w + -17). Calculate the greatest common divisor of 9 and t.
3
Suppose -2 = 4*n - 6. Suppose 3*b - 8 = 2*c + b, n = b. Let x be (0 - c*49) + 3 + -3. What is the highest common factor of x and 21?
21
Let p(u) = -195*u + 4670. Let s be p(-34). Calculate the highest common divisor of 339 and s.
113
Suppose 17*r + 1726 = 6503. Suppose -12*z + 761 = r. What is the highest common factor of z and 40?
40
Suppose 3*m - 5*f - 28 = 0, 3*m + 7 = -28*f + 26*f. What is the greatest common divisor of 691 and m?
1
Let y be (14/7)/((-2)/111). Let x = -116 - y. Let i be x + (8 + -5 - -60). What is the greatest common divisor of i and 145?
29
Suppose 9*i - 21*i - 7752 = -46*i. What is the highest common divisor of 24 and i?
12
Let p = 7714 + -7404. Calculate the greatest common factor of 4 and p.
2
Let r(o) = 20*o**2 + 2*o + 4. Let p be r(-4). Suppose 427*j = 350*j + 6083. What is the greatest common factor of p and j?
79
Let u = -204 + 198. Let m be 30*(72/27)/((-20)/u). Calculate the greatest common divisor of 3 and m.
3
Let s be 2363/68 + ((-18)/(-8) - (7 - 4)). What is the highest common factor of 136 and s?
34
Suppose 2*r + 5*h = 53, 69*r - h - 23 = 67*r. What is the greatest common divisor of 250 and r?
2
Let k = 10495 - 7027. What is the highest common divisor of 204 and k?
204
Let c = 177 + -176. Let b be 1672/165 + (c - 34/30). Calculate the highest common factor of b and 10.
10
Let r be (106770/(-24))/(-5) + (-16)/(-64). What is the highest common factor of 200 and r?
10
Let v(d) = 10*d**2 - 5*d + 8. Let i(n) = -n + 1. Let f(g) = -6*i(g) + v(g). Let z be f(3). Let p = -421 + 459. What is the highest common divisor of z and p?
19
Let l = -404 - -414. Let z be 5/(-1) - (-231 + l). Calculate the greatest common divisor of 8 and z.
8
Let g = 270 + -245. Let b = g + 209. Calculate the greatest common divisor of b and 18.
18
Let k be (-2)/5 + (-272)/(-80). Suppose 0*z = k*z - 2*v + 139, -163 = 3*z + 4*v. Let y = z + 92. Calculate the highest common divisor of y and 172.
43
Let l(j) = 26*j + 29. Let w be l(7). Suppose 4*i - 69 = w. What is the highest common divisor of 350 and i?
70
Let h(c) = c**2 - 12*c - 807. Let b be h(37). What is the highest common divisor of b and 22774?
118
Suppose 42*g - 11*g - 246 = 1273. What is the highest common divisor of 10976 and g?
49
Suppose -12 = -4*t, -2*h + 3*t = -78489 - 9052. Calculate the highest common divisor of 17 and h.
17
Let j(b) be the second derivative of 3*b**5/20 + 7*b**4/12 - b**3/3 - 3*b**2/2 + 102*b. Let n be j(3). Calculate the highest common divisor of 15 and n.
15
Let h(a) = 18*a - 22. Let w be 2*((-2)/(-12))/1*-12. Let x be h(w). Let s = x + 97. What is the highest common divisor of 3 and s?
3
Suppose -3*f + 450 = 4*q - 24, 2*q + 6 = 0. Let t be (6/27)/(30/810). What is the highest common divisor of f and t?
6
Let v(w) = -245*w - 3038. Let m be v(-115). What is the highest common factor of m and 57?
57
Suppose 20*p - 832 = -12*p. Suppose -p*t + 1643 = -801. What is the greatest common divisor of 611 and t?
47
Let o = 426 - 447. Let v be 76 - ((o/(-3) - 0) + -6). What is the greatest common divisor of 525 and v?
75
Suppose -4*m + 13*m - 63 = 0. Suppose -u + 65 = f, m*u - 2*u + 4*f = 330. Calculate the highest common divisor of u and 105.
35
Let f be (-4)/38 + (-62155)/(-2945). Calculate the highest common factor of 6034 and f.
7
Let g be -7 + (-10368)/(-78) + (-3)/(-39). Calculate the greatest common divisor of 2002 and g.
14
Suppose 10*n + 153 - 583 = 0. Suppose -4*q = -2*p + 114, -2 = -2*q + 8. Let j = p + n. What is the highest common divisor of j and 22?
22
Suppose 25*d - 27*d = 5*p - 31, 5*p = 2*d + 19. Suppose 4*b - 519 = -d*w, -3*b - 5*w = -13 - 390. Calculate the greatest common divisor of 70 and b.
14
Let a = 153 - 77. Let l = 85 - a. What is the highest common factor of l and 9?
9
Let y(v) = 13*v + 15. Let l = -14 - -23. Let u be y(l). Let b(s) = s**2 - 2*s + 9. Let o be b(-4). Calculate the greatest common divisor of o and u.
33
Suppose 6 + 5 = 5*s - 4*a, 3*a = 4*s - 9. Suppose -s*i = 3*r + 2*i - 112, -197 = -5*r + 2*i. What is the highest common divisor of 208 and r?
13
Suppose -157*n + 236*n = 32232. What is the greatest common divisor of 2832 and n?
24
Let v(p) = 44*p + 53. Let h be v(0). Let m(a) = a**3 + a**2 + 5*a + 106. Let j be m(0). Calculate the greatest common factor of h and j.
53
Let t(j) be the second derivative of 7*j**4/6 + 19*j**3/6 + 12*j**2 + 218*j. Let o be t(-5). What is the greatest common factor of 62 and o?
31
Let v(h) = -1292*h + 20676. Let j be v(16). Let z = -145 + 319. Let m = z - 98. What is the greatest common factor of m and j?
4
Let d(x) = -2*x - 14. Let g be d(-8). Suppose -4*o - 10 = -g*w, w = -2*o + 18 - 5. Calculate the greatest common factor of w and 162.
9
Let i(h) = -3*h**3 - 7*h**2 - 34*h - 86. Let b be i(-8). What is the greatest common divisor of 130 and b?
26
Suppose -5*b + 77 = -82*b + 231. Let x = 0 - -2. What is the highest common factor of b and x?
2
Let m = 45 + -46. Let r be (3/(-1))/m - -2. Suppose r*a + 3*w = 114, -w = 4*a - 2*a - 46. Calculate the greatest common factor of 12 and a.
12
Let g be -2 - -13*(29 - (8 - 6)). Let b = g + -340. Calculate the greatest common factor of b and 2.
1
Let n(w) = -249*w + 2507. Let b be n(10). Calculate the greatest common divisor of 3859 and b.
17
Let n(w) = -23*w**3 + 2*w**2 - 2*w - 1. Let i be n(-2). Suppose -c + 5*u + 115 = 0, -45*c - 4*u = -50*c + 344. What is the highest common divisor of c and i?
15
Let u = -70 + 75. Suppose u*n = 3*n + 6. Let a(d) = d**3 - d**2 + 2*d - 6. Let i be a(n). What is the highest common divisor of 24 and i?
6
Let u = 1584 - 947. Let c be u/5 + 9/15. What is the highest common factor of c and 16?
16
Let s(a) = -308*a + 2040. Let p be s(6). What is the greatest common divisor of p and 1392?
48
Let x(s) = -s**3 - 11*s**2 - 56*s - 172. Let c be x(-7). What is the highest common factor of 1384 and c?
8
Suppose 124 = 4*t + 4*u - 272, 3*u = -5*t + 487. What is the greatest common divisor of t and 235?
5
Let k(p) = 37*p - 96. Let m(v) = -36*v + 95. Let b(f) = -4*k(f) - 5*m(f). Let o be b(3). What is the highest common factor of o and 260?
5
Let s be (-15)/(-40) - (0 - (-4573)/(-8)). Calculate the greatest common divisor of s and 88.
44
Let j be (-135828)/(-1122) - 4/204*3. Calculate the highest common factor of j and 484.
121
Suppose -4*j = -5*g + 2064, 5*j - 188 = -g + 248. Suppose 20*a - g = 2884. Calculate the highest common factor of a and 30.
15
Suppose 6*x - 4*x = 36. Let q b